9. What are the prime factors of s?
3, 409
What are the prime factors of 2223/6*(-8)/12*-1?
13, 19
Suppose 13 = 3*t - 89. What are the prime factors of ((-12)/6)/((-1)/t)?
2, 17
Suppose o - 337 = -f + 97, 3*o + 450 = f. List the prime factors of f.
2, 3, 73
Let v(x) = 3*x + 350. List the prime factors of v(45).
5, 97
Let b(v) = v**2 + 13*v - 16. Let t be b(-14). List the prime factors of (2/((-30)/(-39)))/(t/(-130)).
13
Let b be (-7 - -1)/(-3)*10. Let i(c) = -c**2 + 7*c - 6. Let x be i(6). Suppose -3*v = 2*m - b, v + 3*m + x - 2 = 0. List the prime factors of v.
2
List the prime factors of (504 + 1)/(12 - (3 + 8)).
5, 101
Suppose -5*w + 2*a - 3*a + 1712 = 0, 695 = 2*w - 3*a. What are the prime factors of w?
7
Suppose 0 = 3*g + w - 104, -4*w = 2*g - 3*g + 39. Let c = g + -14. What are the prime factors of c?
3, 7
Suppose h - 16215 = -22*h. What are the prime factors of h?
3, 5, 47
Let y(s) = -5*s + 2*s + s - 2*s - 4. Let t be y(-8). Let i = -7 + t. List the prime factors of i.
3, 7
Let h(u) be the third derivative of 0*u + 0 + 1/24*u**4 + 3*u**2 + 0*u**3. What are the prime factors of h(6)?
2, 3
Let s(i) = i - 5. Let g be s(2). What are the prime factors of ((-3 - 24)/g)/((-2)/(-34))?
3, 17
Let b = 27 + 8. Let j = b + -6. List the prime factors of j.
29
Let m = -18 + 32. Let f(b) = -b**3 + 14*b**2 + b + 14. List the prime factors of f(m).
2, 7
Let r be -202*(-2 + 15/6). Let v be 75/30*(-106)/5. Let j = v - r. List the prime factors of j.
2, 3
List the prime factors of 45/36 - (-5318)/8.
2, 3, 37
Suppose -m = 2 - 7. Suppose -m*j + j + 36 = 0. Let k(a) = -a**3 + 10*a**2 - 9*a + 3. List the prime factors of k(j).
3
Suppose -4*q = x - 547, 3*q - 3*x - 146 = 283. List the prime factors of q.
2, 3, 23
Let i = -532 + 905. What are the prime factors of i?
373
Let f(c) = c - 1. Let i(u) = 4*u - 11. Let o(q) = 6*f(q) - i(q). Let l(g) = -g - 2. Let j(a) = 9*l(a) + 4*o(a). What are the prime factors of j(-5)?
7
List the prime factors of 6 - 13 - (-4135 - 12/(-4)).
3, 5, 11
Let q(g) be the third derivative of 0*g**3 + 3/10*g**5 + 0 + 4*g**2 + 1/24*g**4 + 0*g. What are the prime factors of q(-1)?
17
Suppose h = -b + 35, 5*b - 4*h = 228 - 62. Suppose 2*d + 6*f = 4*f + b, 4*f - 42 = -2*d. What are the prime factors of d?
13
Let v = 2440 - 757. List the prime factors of v.
3, 11, 17
Let k(q) = 37*q + 58. What are the prime factors of k(4)?
2, 103
Let d(z) = 2*z**3 - 5*z**2 + 48*z + 64. What are the prime factors of d(12)?
2, 211
Suppose 3*y - 24 = 2*y. Suppose 0 = 5*f + 7 - 2, 0 = -2*x - 4*f - y. List the prime factors of (x/15)/((-1)/54).
2, 3
Let p = 6 - 3. Let u be (-2)/(p*(-4)/108). Suppose -w = -u - 17. List the prime factors of w.
5, 7
Let q = 1394 - 429. List the prime factors of q.
5, 193
Let d(w) = -w - 1. Let b be d(-6). Let z = -1 + b. What are the prime factors of (10/(-4))/(z/(-8))?
5
Let p = 184 + 466. List the prime factors of p.
2, 5, 13
Suppose k - 608 = -5*g, 603 + 538 = 2*k - 5*g. What are the prime factors of k?
11, 53
Let j = 0 + -7. Let k(x) = x**3 + 8*x**2 + x + 3. What are the prime factors of k(j)?
3, 5
Let c(d) be the third derivative of d**4/12 - d**3/2 + 2*d**2. Let i be (-9)/((-81)/6)*(-12)/(-1). What are the prime factors of c(i)?
13
Let t = -23 + 25. Suppose 0*g - t*g + 172 = 0. List the prime factors of g.
2, 43
Let h(p) = -p**2 + 10*p - 12. Let x be h(-5). Let t = x - -170. What are the prime factors of t?
83
Suppose 16*r - 5*r = 5863. List the prime factors of r.
13, 41
Suppose 3*m = 3*c + 1077, -3*c - 12 = -0*c. What are the prime factors of m?
5, 71
What are the prime factors of 130/(-3)*36/(-24) - 5?
2, 3, 5
Suppose 2*x - 1 = 5*v + 10, 5*v + 5 = 5*x. Let l = -18 - -36. Let q = l + x. What are the prime factors of q?
2
Suppose 0 = -3*z + 4*a + 1343, -2*z - 1801 = -6*z - 5*a. Let o = z - 160. List the prime factors of o.
17
What are the prime factors of (-15 + -8 + -1)*773/(-4)?
2, 3, 773
Let v(p) = 52*p**3 - 3*p**2 + 6*p - 6. Let c be v(2). Let s = -273 + c. List the prime factors of s.
137
Let y = -1039 - -1802. What are the prime factors of y?
7, 109
Let a(d) = d**2 - 3*d + 11. Let s be a(9). Let c = -36 + s. What are the prime factors of c?
29
Suppose -19*x + 152 = -513. What are the prime factors of x?
5, 7
Suppose -3*c + 4*j + 11 = 0, -3*j + 9 = c + j. Let m = c - 0. Let l = m - -27. List the prime factors of l.
2
Let b(p) = 5*p**3 + 13*p**2 + 9*p - 35. Let w(t) = -2*t**3 - 6*t**2 - 5*t + 18. Let f(d) = 3*b(d) + 7*w(d). List the prime factors of f(6).
3
Let f = -832 + 1201. List the prime factors of f.
3, 41
Let f(r) = -r**3 - 38*r**2 - 40*r - 68. What are the prime factors of f(-37)?
43
Suppose -4*q = 29 - 913. Let c = -141 + q. Let o = -42 + c. List the prime factors of o.
2, 19
Let t(u) = 42*u - 39. List the prime factors of t(7).
3, 5, 17
Suppose 7*g = 6514 - 1600. What are the prime factors of g?
2, 3, 13
Let b(u) = u**3 + 4*u**2 + 1. Let p be b(-2). List the prime factors of p*(-8)/(-36)*96.
2, 3
Let y = 2459 - -1015. What are the prime factors of y?
2, 3, 193
Let z be ((-2)/6)/((4/1)/(-36)). Let v(w) = 3*w**2 - w + 2. Let d be v(-4). Suppose 0 = z*a + 15 - d. List the prime factors of a.
13
List the prime factors of 227/(-2 + 536/88 - 4).
11, 227
Suppose 5*d - 30 = -3*n, -2*d + 1 = -n - 0*n. Suppose 4*c - 252 = 4*w, -3*c + 137 = n*w - 20. List the prime factors of c.
59
Let i(g) = 13 - 37 + 5*g + 34. Let l be (-15)/(-2)*2/3. List the prime factors of i(l).
5, 7
Let y(q) = 5*q**2 + 10*q + 13. Let a be y(-7). Suppose -4*u + a = v, -u - 2*v = u - 88. List the prime factors of u.
2, 3
Let m(r) = 27*r**2 - 39*r - 265. List the prime factors of m(-6).
941
Let n be 19*(-2 - -6 - 2). Let r = n + -13. List the prime factors of r.
5
Let o(h) = h**3 - 4*h**2 - 3*h + 2. Let l be o(5). What are the prime factors of ((-42)/l)/((-3)/18)?
3, 7
Let r = 15 + -3. Let x = r + -7. What are the prime factors of 3 + (-14)/(3 - x)?
2, 5
Let i(x) = 7*x + x**3 - 29*x**2 + 2 - 3*x + 33*x**2. What are the prime factors of i(-2)?
2
List the prime factors of (-9 - (8 - -2302))*-1.
3, 773
Let x = -3 + 2. Let y be x*((-2)/1 + -3). Suppose r - a - 3*a + y = 0, r - 5*a = -7. List the prime factors of r.
3
Suppose -6*f + 5 = -5*f. Suppose -x = 2*k + 4, -f*x = 5*k + 8 - 3. Suppose -4 = b, -c - x*b + 8 = -3. List the prime factors of c.
19
Let g(v) = -v**2 - 9*v - 8. Let u be g(-8). Suppose -2*l + q + 11 = -113, -2*l - 2*q + 118 = u. What are the prime factors of l?
61
Let m(y) = -2*y - 10*y - 10*y - 3*y - y**2 - 25. List the prime factors of m(-13).
131
Let w be 4/2*(-5 + 6). Suppose 107 = w*q + 3*h, 5*h + 126 = 3*q - 44. What are the prime factors of q?
5, 11
Suppose -20*a + 28*a - 3296 = 0. What are the prime factors of a?
2, 103
Suppose -3 + 15 = 4*x. Suppose 4*v - 816 = -2*h, x*h + 10 = -2*h. List the prime factors of v.
5, 41
Let z = 10 - -20. Let i be (3/2)/((-3)/z). Let r = -2 - i. What are the prime factors of r?
13
Suppose -5*f + 13524 = -4*n, 11*n - 13*n - 13532 = -5*f. List the prime factors of f.
2, 677
Let n(c) = 2*c**2 - 17*c - 10. Let m be n(9). List the prime factors of -2*(-45)/(-6)*(-12 - m).
3, 5, 11
What are the prime factors of 1 + (-320*3)/(-3) - 1?
2, 5
Let a be -248*(-75)/(-18)*(-9)/30. Suppose -m - v + a = 2*m, -415 = -4*m - v. List the prime factors of m.
3, 5, 7
Suppose -3*s - 2*h = 74, 2*s + 3*s - h + 106 = 0. Let i(y) = -y**2 + 2*y + 64. Let l be i(0). Let q = s + l. List the prime factors of q.
2, 3, 7
Let w = 11290 - 7648. What are the prime factors of w?
2, 3, 607
List the prime factors of 138 - (-6)/(42/49).
5, 29
Suppose -16 = -8*n + 4*n. List the prime factors of -1*-2*(1 + 144/n).
2, 37
What are the prime factors of ((-996)/36)/(3/(-9))?
83
Let c(o) = 2*o**3 - 14*o**2 - 5*o - 25. List the prime factors of c(12).
5, 271
Suppose -3*t - 2*t = 0. Suppose t*l - 2*l = 6. List the prime factors of (-6)/3*2*l.
2, 3
Suppose -2*b = -2 - 2. Suppose -p = -5*v + 12, -b*p = v - 9 - 0. What are the prime factors of -1*((p - 42) + 2)?
37
Suppose l = -4*w + 5*l - 24, -5*w - l - 24 = 0. Let g(k) = -3*k + 3 - 2*k + k + 3*k. What are the prime factors of g(w)?
2
Suppose -227 - 583 = -30*z. List the prime factors of z.
3
Let f = -79 + 102. Suppose -9*d + f = -238. What are the prime factors of d?
29
Suppose -3*j - 15020 = -18*t +